emainder when 131051 is divided by 6.
5
What is the remainder when 119750 is divided by 59875?
0
What is the remainder when 7626 is divided by 17?
10
What is the remainder when 396 is divided by 177?
42
Calculate the remainder when 67094 is divided by 11.
5
What is the remainder when 136125 is divided by 45372?
9
What is the remainder when 5922484 is divided by 572?
568
Calculate the remainder when 918651 is divided by 1347.
1344
What is the remainder when 90670 is divided by 1648?
30
What is the remainder when 1035 is divided by 70?
55
What is the remainder when 340373 is divided by 102?
101
What is the remainder when 87303 is divided by 3233?
12
What is the remainder when 79373 is divided by 407?
8
What is the remainder when 296351 is divided by 26941?
0
What is the remainder when 1259491 is divided by 833?
828
What is the remainder when 991 is divided by 831?
160
What is the remainder when 137819 is divided by 526?
7
Calculate the remainder when 96996 is divided by 223.
214
What is the remainder when 22312 is divided by 1731?
1540
What is the remainder when 2783 is divided by 682?
55
What is the remainder when 31220 is divided by 920?
860
Calculate the remainder when 302376 is divided by 36.
12
Calculate the remainder when 12064 is divided by 191.
31
Calculate the remainder when 622 is divided by 40.
22
What is the remainder when 15410 is divided by 55?
10
What is the remainder when 38730 is divided by 188?
2
Calculate the remainder when 114273 is divided by 38087.
12
What is the remainder when 61483 is divided by 4385?
93
Calculate the remainder when 73997 is divided by 50.
47
What is the remainder when 92260 is divided by 151?
150
Calculate the remainder when 30190 is divided by 182.
160
What is the remainder when 87658 is divided by 45?
43
What is the remainder when 20217 is divided by 20207?
10
Calculate the remainder when 970 is divided by 233.
38
Calculate the remainder when 3027543 is divided by 8.
7
Calculate the remainder when 40748 is divided by 12.
8
What is the remainder when 2586 is divided by 1055?
476
What is the remainder when 2013 is divided by 455?
193
Calculate the remainder when 49238 is divided by 3281.
23
Calculate the remainder when 5384 is divided by 122.
16
What is the remainder when 41068 is divided by 74?
72
What is the remainder when 290249 is divided by 40?
9
What is the remainder when 20563 is divided by 4112?
3
Calculate the remainder when 7042 is divided by 1745.
62
What is the remainder when 25380 is divided by 12647?
86
Calculate the remainder when 1436 is divided by 80.
76
Calculate the remainder when 21484 is divided by 853.
159
Calculate the remainder when 51088 is divided by 13.
11
What is the remainder when 800 is divided by 252?
44
Calculate the remainder when 104675 is divided by 52335.
5
What is the remainder when 35399 is divided by 1414?
49
What is the remainder when 2523 is divided by 110?
103
Calculate the remainder when 125397 is divided by 62691.
15
What is the remainder when 95239 is divided by 19?
11
Calculate the remainder when 218138 is divided by 65.
63
Calculate the remainder when 2452 is divided by 90.
22
What is the remainder when 211045 is divided by 309?
307
Calculate the remainder when 1267 is divided by 352.
211
Calculate the remainder when 106591 is divided by 839.
38
Calculate the remainder when 112290 is divided by 112258.
32
Calculate the remainder when 21610 is divided by 125.
110
What is the remainder when 12021 is divided by 26?
9
Calculate the remainder when 2570 is divided by 830.
80
Calculate the remainder when 129659 is divided by 29.
0
What is the remainder when 25656 is divided by 2849?
15
What is the remainder when 214121 is divided by 1755?
11
Calculate the remainder when 230479 is divided by 46.
19
What is the remainder when 1448 is divided by 9?
8
What is the remainder when 115304 is divided by 607?
581
What is the remainder when 76301 is divided by 431?
14
Calculate the remainder when 111928 is divided by 105.
103
What is the remainder when 2928 is divided by 1349?
230
Calculate the remainder when 424 is divided by 141.
1
Calculate the remainder when 44830 is divided by 8966.
0
What is the remainder when 41845 is divided by 30?
25
Calculate the remainder when 1277240 is divided by 306.
302
Calculate the remainder when 32019 is divided by 32015.
4
Calculate the remainder when 1302 is divided by 38.
10
Calculate the remainder when 13831 is divided by 56.
55
What is the remainder when 932358 is divided by 501?
498
What is the remainder when 11127 is divided by 853?
38
What is the remainder when 808 is divided by 599?
209
What is the remainder when 5222 is divided by 98?
28
Calculate the remainder when 62762 is divided by 17.
15
Calculate the remainder when 12777 is divided by 426.
423
What is the remainder when 149906 is divided by 19?
15
What is the remainder when 20185 is divided by 327?
238
What is the remainder when 734107 is divided by 10?
7
What is the remainder when 200436 is divided by 146?
124
Calculate the remainder when 1894 is divided by 134.
18
Calculate the remainder when 46957 is divided by 885.
52
Calculate the remainder when 3086 is divided by 218.
34
What is the remainder when 20936 is divided by 98?
62
What is the remainder when 1948085 is divided by 627?
623
What is the remainder when 667 is divided by 648?
19
Calculate the remainder when 63244 is divided by 31585.
74
What is the remainder when 8281 is divided by 1642?
71
Calculate the remainder when 361393 is divided by 27.
25
Calculate the remainder when 6252 is divided by 3108.
36
Calculate the remainder when 1685854 is divided by 68.
66
Calculate the remainder when 4514 is divided by 151.
135
What is the remainder when 11791 is divided by 17?
10
What is the remainder when 27595 is divided by 9179?
58
What is the remainder when 91603 is divided by 251?
239
What is the remainder when 64790 is divided by 728?
726
Calculate the remainder when 3804 is divided by 32.
28
What is the remainder when 574446 is divided by 28?
26
Calculate the remainder when 527705 is divided by 273.
269
Calculate the remainder when 1185131 is divided by 15.
11
Calculate the remainder when 2136 is divided by 16.
8
Calculate the remainder when 60881 is divided by 56.
9
Calculate the remainder when 41616 is divided by 473.
465
Calculate the remainder when 203 is divided by 14.
7
What is the remainder when 127460 is divided by 988?
8
What is the remainder when 8544 is divided by 107?
91
What is the remainder when 3126 is divided by 504?
102
What is the remainder when 11453 is divided by 2284?
33
What is the remainder when 127714 is divided by 367?
365
What is the remainder when 202894 is divided by 187?
186
Calculate the remainder when 147519 is divided by 23.
20
Calculate the remainder when 2297 is divided by 763.
8
Calculate the remainder when 56470 is divided by 8067.
1
What is the remainder when 118928 is divided by 118927?
1
What is the remainder when 8046 is divided by 4020?
6
Calculate the remainder when 1231 is divided by 285.
91
What is the remainder when 22273 is divided by 79?
74
Calculate the remainder when 34563 is divided by 140.
123
Calculate the remainder when 18750 is divided by 272.
254
Calculate the remainder when 1664 is divided by 354.
248
What is the remainder when 2361 is divided by 231?
51
Calculate the remainder when 1421 is divided by 6.
5
Calculate the remainder when 6391 is divided by 100.
91
What is the remainder when 253526 is divided by 1255?
16
What is the remainder when 560803 is divided by 76?
75
What is the remainder when 7905 is divided by 506?
315
Calculate the remainder when 2817 is divided by 15.
12
What is the remainder when 1212 is divided by 840?
372
What is the remainder when 13862 is divided by 6918?
26
Calculate the remainder when 24130 is divided by 52.
2
Calculate the remainder when 98211 is divided by 1610.
1
Calculate the remainder when 182995 is divided by 11.
10
What is the remainder when 24552 is divided by 15?
12
What is the remainder when 207643 is divided by 43?
39
What is the remainder when 300 is divided by 51?
45
What is the remainder when 13290 is divided by 7?
4
Calculate the remainder when 37028 is divided by 37015.
13
Calculate the remainder when 7454 is divi